 18. Let z be t(-4). Let y = z + 366. What is the greatest common divisor of y and k?
28
Let l be (72/90)/((-4)/10) - -92. Let f = 1113 - 1063. What is the highest common factor of f and l?
10
Suppose -5*j + 121 = 16, 17*o - 1023 = -13*o - 3*j. Let l = -15 + 27. What is the greatest common factor of o and l?
4
Let q be (15420/26)/(464/3016). Calculate the greatest common factor of 60 and q.
15
Let u be 3 + (1485/(-44))/((-6)/32). What is the greatest common factor of u and 2257?
61
Suppose -5*m + 27*b - 31*b = -1125, -4*b = -20. Suppose 12 = -3*v + 63. What is the highest common divisor of v and m?
17
Let l = 68 - 62. Suppose -8*g + l*g + 80 = 0. Calculate the greatest common factor of g and 32.
8
Let j(m) = -2*m**2 - 12*m - 30. Let v be j(-15). Let n = v + 304. Calculate the highest common divisor of 116 and n.
4
Let c = -10401 - -10429. Let f = 0 + 7. Let m be f/(-3)*(-48)/1. What is the greatest common divisor of m and c?
28
Let k be (-11955)/(-16) + 93/(-496). Calculate the greatest common divisor of k and 18.
9
Suppose 3*u + 18*d - 22*d = 126, -3 = d. Let w(y) = -2*y**2 + 5*y + 7. Let c be w(5). Let r = c - -37. Calculate the highest common divisor of r and u.
19
Suppose 419*j - 424*j = -5. Let t(k) = 38*k - 2. Let l be t(j). Calculate the greatest common divisor of 90 and l.
18
Suppose 3076*w = 3085*w - 4797. Calculate the highest common divisor of 164 and w.
41
Let n = 1874 + -1313. Suppose -7*a = -1562 + n. What is the greatest common factor of a and 55?
11
Let q be 58/8 - (-8)/(-32) - (13 + -12). Let x(d) = 6*d**2. Let s be x(3). What is the highest common divisor of q and s?
6
Let q be 1125/18 - (2 + -1) - 25/(-50). Calculate the highest common divisor of 7657 and q.
31
Let z be ((-5)/30 + (-685)/(-60))/(22/264). Calculate the highest common divisor of 145 and z.
5
Let c = -227 + 230. Suppose 4 = -2*g, -y + c*y - 22 = -3*g. Let d(b) = -b**3 + 98. Let o be d(0). What is the highest common divisor of o and y?
14
Suppose 14*l - 2210 = 1883 + 4027. What is the highest common factor of l and 220?
20
Let f(w) = -w**3 + 20*w**2 - w - 35. Let c be f(20). Let b = c - -60. What is the greatest common factor of b and 145?
5
Suppose -3*q = q - 4*v + 36, 5*q + 3*v + 21 = 0. Let k(o) = -2*o + 10. Let n be k(q). Let r = 250 + -140. Calculate the greatest common factor of r and n.
22
Let h be (4 + -5 - -2) + 3. Suppose 5*d = -20, 9*n - 1916 = h*n - d. Calculate the greatest common factor of 48 and n.
48
Suppose -4*v - 4*m = -28, 5*v - 29 = -6*m + 3*m. Suppose 3*q + v*f = 648, 3*q - 8*f - 669 = -5*f. Calculate the highest common factor of 44 and q.
44
Suppose -82 + 94 = 3*b. Suppose l - 3*q - 64 = -b*q, l + 2*q - 68 = 0. Calculate the highest common factor of l and 1020.
60
Suppose 14*h - 80 = -654. Let u = h + 56. Suppose -u = 5*z, 2*b - 66 = 5*z + 5. What is the greatest common divisor of 28 and b?
28
Suppose 215 - 1683 = -4*t. Let h = t + -232. What is the highest common divisor of h and 180?
45
Suppose 2*n - 9*m = -5*m - 34, 5*n + 61 = 4*m. Let z(s) = -s**3 - 10*s**2 - 7*s + 30. Let b be z(n). Calculate the greatest common divisor of 4 and b.
4
Suppose 0 = -v - 0*v - 5, -3*v - 36 = -3*s. Suppose 5684 = 2*x + 26*x. Calculate the greatest common factor of x and s.
7
Let b be (-2)/(-21) - 19/((-8379)/2604). What is the highest common factor of 2406 and b?
6
Suppose 0 = 2*y - 0*y - 16. Suppose -y = 4*j, -2*j - j = -4*d + 1046. What is the greatest common divisor of 195 and d?
65
Suppose -43*t + 2596 = 99*t - 24*t. Suppose -2*h + 63 = 5*r - 27, -3*r = 12. Calculate the greatest common divisor of h and t.
11
Suppose 30 = 5*i, 0 = 26*n - 21*n + i - 721. What is the highest common divisor of n and 781?
11
Let d be (-7)/(-35) - 27/(-15). Suppose 52 = 6*v - 4*v - 3*p, -3*v - d*p + 91 = 0. Let q be 1017/5 - 8/20. Calculate the highest common factor of q and v.
29
Let s(k) = 3*k**2 - 4*k - 35. Let m be s(-5). Suppose 57*q = 5*q + 624. Calculate the greatest common factor of m and q.
12
Suppose -2*f - 3*l + 25 = -f, 4*f - 4*l = 84. Suppose f*k = -k + 184. What is the highest common divisor of k and 124?
4
Let x = 66 - 37. Let v be 15*10/25 - 6. Suppose -15*p + 20*p - 725 = v. What is the greatest common factor of x and p?
29
Let d = -107 + 99. Let h(o) = o**3 + 9*o**2 + 5*o - 3. Let y be h(d). Suppose 0 = -26*a + 19*a + y. What is the greatest common divisor of 21 and a?
3
Let m be ((-114)/(-8))/((18/12)/1)*172. What is the highest common factor of 344 and m?
86
Suppose 2*n = -2*n + 20, -4*v = -2*n - 10. Suppose -v*k + 485 = 4*a, -4*k - 2 = -6. Suppose -11*r + 16*r = a. Calculate the greatest common factor of r and 96.
24
Suppose 69*n = -n - 15*n + 2210. Suppose -u + 2394 = 4*z, -3*u + 530 = z - 74. Calculate the greatest common divisor of n and z.
26
Let l be ((714/(-850))/(2/10))/((-4)/360). What is the highest common factor of 1242 and l?
54
Let x = -4010 + 4033. Calculate the highest common divisor of 5267 and x.
23
Let r be (-66)/21*(-98)/7. Let v be 1188/(-72)*(-2)/3. What is the highest common factor of r and v?
11
Suppose -38*x - 37 = -873. What is the greatest common factor of 187 and x?
11
Let d(x) = 51*x + 12872. Let a be d(72). Calculate the highest common divisor of 44 and a.
44
Suppose 192 = 8*d + 168. Suppose -71 = -d*o + 34. What is the highest common factor of 35 and o?
35
Let k = -1818 - -1850. What is the greatest common divisor of k and 23?
1
Let w be (-10)/(-4)*(-60516)/(-410). Let o be -1 + (63 + 0 - 3). Let x = -18 + o. Calculate the highest common factor of x and w.
41
Suppose -4*j + 2*j + 176 = 0. Suppose -5*w - 5*p = -1930, -859*w = -855*w + 3*p - 1554. What is the highest common divisor of w and j?
44
Let f = -8107 + 13248. What is the highest common divisor of f and 159?
53
Suppose -3*q = -2*m + 1665 - 369, -4*q = -4*m + 2608. Calculate the greatest common factor of m and 308.
44
Let u(r) = -380*r**3 - 3*r**2 - 6*r - 11. Let y be u(-2). What is the greatest common divisor of y and 3728?
233
Suppose 3*y = -62 + 182. Let o be ((-120)/(-80))/(1/92*2). Suppose -21*s + 405 = o. Calculate the highest common divisor of y and s.
8
Let d(z) = 4*z**3 - z**2 - 2*z. Let g be d(2). Let a = -2346 + 2730. What is the highest common factor of a and g?
24
Let w = -21 + 13. Let m be w/(-12) - 143/3. Let t = 53 + m. Calculate the greatest common divisor of 54 and t.
6
Let j(l) = -3*l**3 - l**2 - 2*l + 702. Let x be j(0). Calculate the highest common factor of 624 and x.
78
Suppose -3*f - 9*u = -7*u - 433, 5*f = -3*u + 721. Calculate the highest common divisor of f and 26.
13
Suppose 13*d = 582 - 166. Let q = d - -121. What is the greatest common factor of 119 and q?
17
Suppose -72 = 297*u - 303*u. Let r be 6/14 + 603/63. What is the greatest common divisor of u and r?
2
Suppose 2*w + 2*l = -2*w - 60, -2*w = -2*l + 30. Let k = 19 + w. Let h be 4 + -1 - 1 - -14. What is the highest common factor of k and h?
4
Suppose 11*o = 100*k - 101*k + 1032, -o - 2*k = -111. Calculate the greatest common factor of o and 2077.
31
Let g(u) = 9*u + 16. Let j be g(4). Suppose -24*z + 26*z = j. Calculate the highest common divisor of z and 598.
26
Let d = -19975 + 19992. What is the greatest common factor of d and 41599?
17
Let p(z) = 39*z + 55. Let w be p(6). Let r = w + -279. Calculate the highest common divisor of 430 and r.
10
Let m be 0 - (-2 - 1 - -378)*-1. Let s = m + -370. Calculate the greatest common divisor of 25 and s.
5
Let w be 8 + -1 + 0 + 2 + 54. Calculate the greatest common divisor of 261 and w.
9
Let w(t) = 1083*t - 8222. Let a be w(9). Calculate the highest common factor of a and 25.
25
Suppose 14 - 12 = b. Let n be 5 - ((-3 - 263) + b*-1). Calculate the highest common divisor of n and 26.
13
Let h = -14403 + 15008. What is the greatest common factor of h and 484?
121
Let l(j) = 5*j**2 + 148*j + 16. Let b be l(101). Calculate the highest common factor of 41 and b.
41
Suppose -7*y + 46 = -6*y. Let g = y - -66. What is the highest common divisor of g and 14?
14
Suppose -5*n - 2*x = -475, n = 2*n + x - 98. Let h = -302 - -333. What is the highest common factor of n and h?
31
Let q be 84*-234*16/(-384). Calculate the greatest common factor of q and 2184.
273
Let q be (6/3)/(-2)*-1. Let r be 187 - ((2 - 5) + q). Let h(x) = -x**3 + 58*x**2 - x + 79. L